1751 = -3*w. What are the prime factors of w?
2, 7, 37
Suppose 5*i - 5 = -7*n + 2*n, -1 = i + 2*n. Suppose i*h = 0, -2 + 5 = -c + 3*h. What are the prime factors of c*(14/(-3) - -2)?
2
Let b(i) = -i**3 + 11*i**2 + 4*i - 33. Let k be 2 - (-24 + -2)/(-1). Let v be (k/8)/(2/(-6)). What are the prime factors of b(v)?
3, 5, 11
What are the prime factors of -11 + 5098 - (3 - -2)?
2, 3, 7, 11
Suppose -78*g + 27*g = -69309. What are the prime factors of g?
3, 151
Let a(o) = 6*o**2 - 260*o + 1122. What are the prime factors of a(89)?
2, 7, 911
Let w(j) = 38*j**2 + 73*j - 856. List the prime factors of w(10).
2, 11, 167
Suppose 0 = 22*r + 3*r + 150. What are the prime factors of r/(9/((-4122)/4) - 0)?
3, 229
Let w(b) = 4*b**2 + 2. Let f be w(-2). Suppose -2*d + 6*d = 3*z - 7, -f = 2*z + 3*d. What are the prime factors of 8*(15 - (z - -1))?
2, 17
Let c be 4/(-2) - 1*-362. Let n be c/(-1)*(4 - 154/35). Suppose -227 = -2*m - m - 2*w, 5*w = -2*m + n. What are the prime factors of m?
7, 11
What are the prime factors of (-1)/12 + 342/648 - 3245/(-9)?
19
Let n(t) = t**3 - 17*t**2 + 17*t + 18. Let x be n(16). Let d = x + 225. What are the prime factors of d?
7, 37
Suppose 2*t + 1409 = -j + 16760, 5*t - 76745 = -5*j. What are the prime factors of j?
103, 149
Suppose 3*m = -4*m. Suppose m = n - 5 + 11. Let z(l) = l**3 + 9*l**2 + 3*l - 4. List the prime factors of z(n).
2, 43
Let v be -5*16/360 - (-156)/(-27). List the prime factors of (-30)/v + -3 + 897.
29, 31
Suppose -3*l + 4*q + 10 = 0, 2*l - 7*l + 24 = -3*q. Let f = l + -15. Let c = 28 + f. What are the prime factors of c?
19
Suppose h - 5*k + 5 = -0*h, 0 = 2*h - 5*k. Let b = h - 4. What are the prime factors of b/(-3) - (-1826)/33?
5, 11
Suppose 7*a = 11*a. Suppose a = 5*c - 476 - 1889. What are the prime factors of c?
11, 43
Let u = 88 + 20. Let d = -119 + u. List the prime factors of 3150/22 - (-2)/d.
11, 13
Let v(c) = c**3 - 5*c**2 + 3*c + 8. Let j be v(3). Let w be 3*j*((-176)/(-24) + -4). What are the prime factors of (-713)/(-5) + 6/w?
2, 71
Let l(b) = 4*b**2 - b - 116. What are the prime factors of l(-10)?
2, 3, 7
Suppose -47*o - 14*o + 82594 = 0. Let w = o - -138. List the prime factors of w.
2, 373
Let o(c) = -c + 47. Let m be o(21). Let s be (5 - m)*(-2)/(-6). List the prime factors of 27/2 - (-6)/((-84)/s).
2, 7
Let i = -75 - -79. Suppose 3*z - 2284 = 2*d, -d = i*z - 3*d - 3042. What are the prime factors of z?
2, 379
Let g(n) = 13*n**2 + 29*n - 110. What are the prime factors of g(19)?
2, 17, 151
Suppose -2 - 26 = -14*t. Suppose t*m = -3*q + 517, 5*m - 1312 = q - 2*q. Let v = -123 + m. List the prime factors of v.
2, 5, 7
Suppose -26*r = 558991 - 1434931. List the prime factors of r.
2, 3, 5, 1123
Let i(s) = -27*s**3 + s**2 - s. Suppose -15 + 9 = 6*o. Let k be i(o). List the prime factors of (-2)/5*-5 + k.
31
Let j = 359 - 360. Let b(y) = -863*y + 40. List the prime factors of b(j).
3, 7, 43
Let l(q) = q**3 + 20*q**2 + 19*q - 10. Let u be l(-18). Let t = u + -253. List the prime factors of t.
43
Let d(r) = -125*r**3 + 6*r**2 - 88*r - 475. List the prime factors of d(-6).
11, 37, 67
Suppose 2*y + 2*l + 614 = 0, l = 5*l. Let m = -616 - -466. Let c = m - y. List the prime factors of c.
157
Suppose 2334 = t + 5*s - 797, -2*s = 3*t - 9445. List the prime factors of t.
23, 137
Let o(q) = 3*q**2 - 45*q + 63. Let p be o(17). Let g = 598 - p. List the prime factors of g.
433
Suppose -123144 = -46*m + 43*m - 5*l, 4*m = 2*l + 164270. List the prime factors of m.
11, 3733
Suppose -83457 + 109001 = 8*h - 247880. List the prime factors of h.
2, 23, 743
Suppose 5*n + 35616 = 99771. What are the prime factors of n?
3, 7, 13, 47
Suppose -26*d + 8143 = -40659. What are the prime factors of d?
1877
Let v be 0/1 + 11/(-11). List the prime factors of (-156)/(-4)*(-2 + v - -18).
3, 5, 13
Let n = 17605 + 11458. List the prime factors of n.
29063
Suppose -4*a + 8 = 3*x + 2, 3*a = -4*x + 1. Suppose a*l + 13 = -8. List the prime factors of ((-18)/(-1))/(8 + l).
2, 3
Let q be (-54)/81*(-45)/6. Suppose 2*x + 1789 + 62 = q*u, -2*u + 744 = x. What are the prime factors of u?
7, 53
Let i(a) = 8*a**2 + 123*a + 104. What are the prime factors of i(-39)?
5, 13, 23
Let w(o) = 2*o**3 + 47*o**2 + 25*o + 49. Let d be w(-23). Suppose 261 = -d*z + 1017. What are the prime factors of z?
2, 3, 7
Suppose -795241 = -222*l - 200947. What are the prime factors of l?
2677
Let t(r) be the first derivative of 26*r + 7/2*r**2 - 6. List the prime factors of t(19).
3, 53
Suppose 0 = -2*p - 939 + 923. What are the prime factors of p/(-2) + (7 - -680)?
691
Suppose 0 = -5*o - 5*r - 65839 + 284709, -5*o + 218821 = -2*r. What are the prime factors of o?
3, 1621
Let m(i) = -i**2 - 5*i - 4. Let j be m(-3). Let c be (100/(-30))/(j/(-186)). Suppose 4*v - 154 = 2*v - 3*t, -5*t + c = 4*v. What are the prime factors of v?
2, 5
Suppose 0 = 6*p - 3*p - 291. Suppose 255 = y - p. Let z = y + -178. What are the prime factors of z?
2, 3, 29
List the prime factors of (6 - -1)/(-1) + -3 + 22746.
2, 7, 29
Let c = -135 - -135. Suppose c = 2*v + w + 22 - 396, -5*v + 936 = 2*w. What are the prime factors of v?
2, 47
Let a(z) = z**3 - 6*z**2 + 7*z - 3. Let i = 25 + -22. Suppose -2*m = i*m - 25. What are the prime factors of a(m)?
7
Let i = 33 - 24. Suppose c = i*y - 11*y + 7, -2*y + 12 = -4*c. List the prime factors of y.
2
Suppose -u + 0*r + 3*r = -826, -2*u = 4*r - 1692. Let m be (-66)/44 + u/4 + 0. Suppose 2*z - 3*j - m = -2*z, 4*j - 52 = -z. What are the prime factors of z?
2, 13
Let a = 10208 - 10201. Suppose 0 = -5*m + 5*t + 400, 4*m - 148 - 172 = -3*t. Let l = a + m. List the prime factors of l.
3, 29
Let k(i) = 113*i - 34. Suppose 0 = -n + 33 - 30. What are the prime factors of k(n)?
5, 61
Let v = -3390 - -5456. Suppose -11*u + v = -1872. List the prime factors of u.
2, 179
Let k(f) = 11*f + 25 - 5*f - 2*f**2 - 19 - 8*f**3. Let m be k(-3). Suppose 404 + m = 5*j. What are the prime factors of j?
2, 59
Suppose -v - 5*j + 14150 = -50625, v + 2*j - 64799 = 0. List the prime factors of v.
3, 5, 29, 149
Let m be (2 - (-4)/(-8))*(1 + 5). Suppose -3*r + m*r = 54. Let z(q) = 5*q - 2. What are the prime factors of z(r)?
43
Let q(d) = 13*d**2 - 48*d + 84. List the prime factors of q(10).
2, 113
Let a be 521/(-6) + 8/(-48). Suppose -99 = -3*v + 483. Let z = a + v. List the prime factors of z.
107
Let s be ((-4236)/45 - 4) + (-6)/(-45). Let b = 136 + s. Suppose b = 2*r - 10. List the prime factors of r.
2, 3
Suppose -5587 = -4*w + 3*g + 71812, -58042 = -3*w - 5*g. List the prime factors of w.
11, 1759
Let l(k) = -58*k**3 - 11*k**2 + 8*k + 73. What are the prime factors of l(-10)?
56893
Suppose 0 = -5*p - 15, -80 = a + p - 0*p. Let r = a - 13. List the prime factors of (-5454)/r - (-6)/(-10).
2, 3, 5
Let j be (3/(-6)*-1)/((-2)/(-428)). Let h = -39 + j. Let g = 100 - h. List the prime factors of g.
2
Let i = 100 - 76. Let a = 44 + i. Let l = -51 + a. List the prime factors of l.
17
Let h(r) be the second derivative of -37*r**3/3 + 137*r**2/2 + 17*r + 6. List the prime factors of h(-9).
11, 73
Let k = 26524 + -7571. What are the prime factors of k?
11, 1723
Let p = 43775 + -30531. List the prime factors of p.
2, 7, 11, 43
Suppose -2*i - 41 = -5*d - 35, d = -i + 11. Suppose 2*b + 2*q = 222, 6*q - i*q + 567 = 5*b. What are the prime factors of b?
2, 3, 19
Suppose -4*o + 628 = 620. Let j(u) = 3*u**2 - 6*u + 8 + 0 + 13*u**2. List the prime factors of j(o).
2, 3, 5
Let m(a) = -a**3 + 23*a**2 + 11*a + 32. Suppose -16*c + 161 = -9*c. List the prime factors of m(c).
3, 5, 19
Let w(f) be the second derivative of -f**5/4 + f**4/6 + f**3/2 - f**2 - 185*f. List the prime factors of w(-4).
2, 13
Let m(l) = 19*l + 63. Let q be m(0). What are the prime factors of 8337/q + (-2)/(-3)?
7, 19
Suppose w + 0 = d + 3, -5*d = 4*w - 21. Let a be (4 + (-5)/d)/1. What are the prime factors of a + (3 - 3) + (-1 - -100)?
2, 7
Let a = -10971 + 11358. List the prime factors of a.
3, 43
Suppose -5*k = d - 4*d - 76570, 0 = -2*d - 3*k - 51072. What are the prime factors of d/(-27) + (-26)/(-18) + -1?
2, 11, 43
Let n(o) = -o**3 + 11*o**2 - 10*o + 6. Let d be n(10). Suppose -5*r - 18 = c, -c + 18 = -d*r + 2*r. What are the prime factors of (-5)/(-10)*-1*(c + -264)?
131
Let d(p) = 12808*p**2 + 27*p - 2. List t